 32599 (base 12) to base 10.
66501
What is 1573 (base 11) in base 10?
2016
What is -103030 (base 4) in base 15?
-56d
34 (base 16) to base 2
110100
What is -1323040 (base 5) in base 4?
-12200111
What is -311001 (base 4) in base 13?
-1710
What is 1010312 (base 6) in base 14?
13736
What is -16520 (base 7) in base 2?
-1001001101110
Convert 1122101010 (base 3) to base 14.
bb09
-539 (base 16) to base 12
-935
Convert -234 (base 6) to base 16.
-5e
-2684 (base 9) to base 4
-133210
101413 (base 8) to base 10
33547
11202 (base 8) to base 9
6444
Convert 5699 (base 13) to base 4.
2331131
What is -546 (base 11) in base 10?
-655
2142 (base 7) to base 8
1375
ffe (base 16) to base 7
14636
What is -12314 (base 5) in base 15?
-43e
-6674 (base 10) to base 6
-50522
Convert 1094 (base 15) to base 5.
103024
-22014 (base 6) to base 7
-11563
945 (base 12) to base 11
1017
What is 1acc (base 13) in base 15?
1305
2308 (base 12) to base 5
111041
-605 (base 9) to base 2
-111101011
-9a43 (base 12) to base 16
-4293
-25057 (base 9) to base 5
-1014234
Convert 28b35 (base 12) to base 13.
1cba7
15bc (base 13) to base 9
4342
What is 159bc (base 13) in base 5?
2304342
Convert -110101000100 (base 2) to base 15.
-1016
What is -1704 (base 9) in base 5?
-20200
What is -179a (base 16) in base 10?
-6042
What is -e90 (base 16) in base 6?
-25132
27202 (base 11) to base 16
97bb
What is -29 (base 16) in base 4?
-221
What is 13c (base 14) in base 10?
250
Convert 4bbb (base 12) to base 4.
2012333
What is 203 (base 13) in base 15?
17b
Convert 98a0 (base 15) to base 5.
2013300
-21013 (base 4) to base 11
-490
-a28c (base 13) to base 4
-11132120
-8658 (base 9) to base 10
-6371
13143 (base 5) to base 4
100120
320031 (base 6) to base 16
6553
1021010 (base 3) to base 16
399
-373 (base 16) to base 2
-1101110011
What is 1001000 (base 3) in base 14?
3c0
43401 (base 5) to base 14
1128
What is 13698 (base 12) in base 10?
26900
What is -84 (base 14) in base 9?
-138
-35212 (base 6) to base 5
-130143
What is 27db (base 14) in base 16?
1b8d
Convert 1141012 (base 5) to base 7.
116224
Convert 3123123 (base 4) to base 5.
422133
What is -65b (base 12) in base 4?
-32213
11426 (base 7) to base 8
5620
-544 (base 14) to base 2
-10000010000
What is 1000231 (base 4) in base 6?
31101
a663 (base 11) to base 7
56060
-21303031 (base 4) to base 9
-61051
Convert -67 (base 8) to base 6.
-131
-107 (base 8) to base 7
-131
What is -123 (base 6) in base 5?
-201
-156 (base 16) to base 4
-11112
Convert 19807 (base 13) to base 3.
2112011111
What is -12011100 (base 3) in base 16?
-eb2
-299 (base 11) to base 8
-536
Convert 111000 (base 2) to base 10.
56
What is 2da4 (base 16) in base 4?
2312210
48a (base 12) to base 5
10212
What is -4112 (base 8) in base 12?
-128a
3416 (base 8) to base 11
13a2
-55 (base 6) to base 14
-27
1053 (base 8) to base 11
465
What is -13183 (base 9) in base 4?
-2023020
-10432 (base 9) to base 7
-26105
Convert -1d6 (base 15) to base 13.
-26a
Convert -5750 (base 12) to base 5.
-302313
Convert 13104 (base 5) to base 8.
2005
What is 211 (base 10) in base 5?
1321
-13a (base 11) to base 10
-164
What is -34 (base 7) in base 11?
-23
-8775 (base 9) to base 12
-38ab
What is 112550 (base 6) in base 12?
5756
-a7ba (base 15) to base 3
-1210200211
What is -1221000110 (base 3) in base 13?
-1434c
What is 6a9 (base 12) in base 3?
1100210
-55062 (base 8) to base 10
-23090
1a94a (base 11) to base 4
13012212
Convert 2550 (base 6) to base 7.
1605
1001001110111 (base 2) to base 15
1602
What is 2da (base 16) in base 11?
604
-10234 (base 5) to base 3
-221201
Convert 6477 (base 9) to base 4.
1022200
Convert 110010101010011 (base 2) to base 5.
1312224
Convert -31225 (base 6) to base 8.
-10141
-1645 (base 14) to base 15
-12a6
What is -2c9b (base 13) in base 5?
-202200
-3564 (base 9) to base 11
-1a9a
What is 2150 (base 9) in base 13?
94b
-117 (base 13) to base 7
-360
Convert 300 (base 10) to base 14.
176
What is -6 (base 11) in base 12?
-6
Convert 161 (base 9) to base 13.
a6
Convert -2b7 (base 12) to base 9.
-524
-b3d (base 14) to base 7
-6306
Convert 31011 (base 4) to base 16.
345
2175 (base 11) to base 9
3833
What is 210110 (base 4) in base 13?
109a
What is 12322 (base 4) in base 3?
121101
-124510 (base 8) to base 9
-65401
What is 21100111 (base 3) in base 2?
1010011101111
-126 (base 9) to base 16
-69
314 (base 5) to base 6
220
What is -5413 (base 11) in base 13?
-3343
What is 46106 (base 7) in base 9?
17058
Convert 10024 (base 5) to base 3.
212200
What is -112344 (base 5) in base 3?
-12121211
Convert -753 (base 11) to base 2.
-1110001001
1b315 (base 12) to base 6
510025
-331342 (base 7) to base 16
-e320
What is 115 (base 10) in base 12?
97
-283 (base 11) to base 7
-654
What is -3122113 (base 4) in base 2?
-11011010010111
-1101000110101111 (base 2) to base 16
-d1af
Convert -30 (base 6) to base 9.
-20
-41430 (base 5) to base 16
-ab4
105514 (base 6) to base 4
2031112
Convert 1266 (base 14) to base 11.
2473
Convert -10446 (base 8) to base 15.
-147a
Convert -4020 (base 5) to base 13.
-303
What is 176 (base 16) in base 11?
310
What is 610 (base 14) in base 16?
4a6
Convert 10121112 (base 3) to base 4.
221021
Convert 111001110100 (base 2) to base 16.
e74
1021 (base 6) to base 13
148
What is -1011010 (base 2) in base 3?
-10100
1020 (base 5) to base 7
252
24b6 (base 12) to base 13
1b8a
Convert -111130 (base 4) to base 12.
-964
What is -41432 (base 5) in base 16?
-ab6
Convert -6298 (base 14) to base 9.
-25267
-142052 (base 6) to base 8
-32160
What is -265453 (base 7) in base 16?
-c331
What is 21232322 (base 4) in base 13?
151b8
What is -178 (base 14) in base 3?
-102012
What is -1551 (base 11) in base 7?
-5544
23a54 (base 13) to base 2
1111111111000000
What is 641 (base 7) in base 3?
102222
What is 52113 (base 7) in base 3?
122111020
Convert -e477 (base 15) to base 5.
-3021022
What is 433130 (base 5) in base 12?
8686
Convert -70 (base 13) to base 2.
-1011011
What is -132c (base 16) in base 9?
-6653
What is -4225 (base 6) in base 5?
-12303
Convert 425 (base 8) to base 10.
277
Convert 7082 (base 12) to base 7.
50360
Convert -15928 (base 10) to base 16.
-3e38
What is 12122303 (base 4) in base 7?
136436
What is -1000213 (base 4) in base 15?
-135a
Convert 1023 (base 5) to base 12.
b6
Convert -1181 (base 14) to base 3.
-11012002
What is -14114 (base 5) in base 15?
-524
Convert -8112 (base 10) to base 4.
-1332300
What is -100200121 (base 3) in base 2?
-1101110010111
What is 38843 (base 10) in base 15?
b798
What is -11502 (base 12) in base 5?
-1220221
What is -2dab (base 16) in base 13?
-5424
What is 120210 (base 3) in base 4?
12222
110121202 (base 3) to base 13
4259
3020123 (base 4) to base 10
12827
Convert -38388 (base 9) to base 13.
-b9b7
Convert 1021200102 (base 3) to base 10.
25283
3ca (base 14) to base 16
2fe
Convert 210 (base 7) to base 14.
77
Convert -28a1 (base 14) to base 15.
-21ec
Convert -22ff (base 16) to base 7.
-35056
Convert 28762 (base 9) to base 15.
5c02
20222212 (base 3) to base 11
3916
Convert -222 (base 14) to base 6.
-1542
Convert -6da0 (base 14) to base 9.
-28240
Convert -1191 (base 14) to base 11.
-2339
Convert 111010010100 (base 2) to base 7.
13611
Convert -539 (base 10) to base 4.
-20123
What is 4566 (base 7) in base 14?
86d
-11121 (base 3) to base 12
-a4
7649 (base 10) to base 2
1110111100001
-12455 (base 6) to base 9
-2548
Convert -33314 (base 7) to base 13.
-3a85
Convert -7a1 (base 13) to base 10.
-1314
2122121 (base 3) to base 10
1933
Convert -30020 (base 5) to base 14.
-989
-871 (base 11) to base 9
-1382
264 (base 15) to base 3
202011
What is 5725 (base 8) in base 9?
4135
What is -124b (base 12) in base 7?
-6023
What is 24032 (base 6) in base 14?
13a4
Convert 31010020 (base 4) to base 12.
26b74
Convert -10000001110011 (base 2) to base 5.
-231212
1000000101010 (base 2) to base 11
3122
What is -1bf0 (base 16) in base 2?
-1101111110000
-180 (base 14) to base 3
-102102
Convert 10101001001100 (base 2) to base 9.
15761
What is 6424 (base 9) in base 4?
1021300
Convert -1011021020 (base 3) to base 12.
-11236
Convert -387 (base 10) to base 6.
-1443
-3110211 (base 4) to base 11
-a249
What is 322021 (base 4) in base 8?
7211
Convert 505 (base 10) to base 3.
200201
What is 111111011111100 (base 2) in base 10?
32508
-100011111 (base